{"version":"1.0","provider_name":"VOLARE MAGAZINE | VOLOTEA","provider_url":"https:\/\/volare.volotea.com\/fr\/","author_name":"Anna Pernice","author_url":"https:\/\/volare.volotea.com\/fr\/author\/anna-pernice\/","title":"La F\u00eate de San Gennaro \u00e0 Naples\u00a0: un patrimoine culturel incontournable - VOLARE MAGAZINE | VOLOTEA","type":"rich","width":600,"height":338,"html":"<blockquote class=\"wp-embedded-content\" data-secret=\"cQ4SEudWpL\"><a href=\"https:\/\/volare.volotea.com\/fr\/villes\/naples\/fete-san-gennaro-naples\/\">La F\u00eate de San Gennaro \u00e0 Naples\u00a0: un patrimoine culturel  incontournable<\/a><\/blockquote><iframe sandbox=\"allow-scripts\" security=\"restricted\" src=\"https:\/\/volare.volotea.com\/fr\/villes\/naples\/fete-san-gennaro-naples\/embed\/#?secret=cQ4SEudWpL\" width=\"600\" height=\"338\" title=\"\u00ab\u00a0La F\u00eate de San Gennaro \u00e0 Naples\u00a0: un patrimoine culturel  incontournable\u00a0\u00bb &#8212; VOLARE MAGAZINE | VOLOTEA\" data-secret=\"cQ4SEudWpL\" frameborder=\"0\" marginwidth=\"0\" marginheight=\"0\" scrolling=\"no\" class=\"wp-embedded-content\"><\/iframe><script>\n\/*! This file is auto-generated *\/\n!function(d,l){\"use strict\";l.querySelector&&d.addEventListener&&\"undefined\"!=typeof URL&&(d.wp=d.wp||{},d.wp.receiveEmbedMessage||(d.wp.receiveEmbedMessage=function(e){var t=e.data;if((t||t.secret||t.message||t.value)&&!\/[^a-zA-Z0-9]\/.test(t.secret)){for(var s,r,n,a=l.querySelectorAll('iframe[data-secret=\"'+t.secret+'\"]'),o=l.querySelectorAll('blockquote[data-secret=\"'+t.secret+'\"]'),c=new RegExp(\"^https?:$\",\"i\"),i=0;i<o.length;i++)o[i].style.display=\"none\";for(i=0;i<a.length;i++)s=a[i],e.source===s.contentWindow&&(s.removeAttribute(\"style\"),\"height\"===t.message?(1e3<(r=parseInt(t.value,10))?r=1e3:~~r<200&&(r=200),s.height=r):\"link\"===t.message&&(r=new URL(s.getAttribute(\"src\")),n=new URL(t.value),c.test(n.protocol))&&n.host===r.host&&l.activeElement===s&&(d.top.location.href=t.value))}},d.addEventListener(\"message\",d.wp.receiveEmbedMessage,!1),l.addEventListener(\"DOMContentLoaded\",function(){for(var e,t,s=l.querySelectorAll(\"iframe.wp-embedded-content\"),r=0;r<s.length;r++)(t=(e=s[r]).getAttribute(\"data-secret\"))||(t=Math.random().toString(36).substring(2,12),e.src+=\"#?secret=\"+t,e.setAttribute(\"data-secret\",t)),e.contentWindow.postMessage({message:\"ready\",secret:t},\"*\")},!1)))}(window,document);\n\/\/# sourceURL=https:\/\/volare.volotea.com\/wp-includes\/js\/wp-embed.min.js\n<\/script>\n","thumbnail_url":"https:\/\/volare.volotea.com\/wp-content\/uploads\/2023\/08\/Festa-San-Gennaro-4-1.jpeg","thumbnail_width":1600,"thumbnail_height":1200,"description":"Si vous pr\u00e9voyez un s\u00e9jour \u00e0 Naples au mois de septembre, je vous recommande de ne pas manquer la f\u00eate de San Gennaro, la c\u00e9l\u00e9bration d\u00e9di\u00e9e au saint patron de la ville, qui a lieu chaque ann\u00e9e le 19 septembre et qui implique tout le centre historique."}

La Fête de San Gennaro à Naples : un patrimoine culturel incontournable - VOLARE MAGAZINE | VOLOTEA

<blockquote class="wp-embedded-content" data-secret="cQ4SEudWpL"><a href="https://volare.volotea.com/fr/villes/naples/fete-san-gennaro-naples/">La Fête de San Gennaro à Naples : un patrimoine culturel  incontournable</a></blockquote><iframe sandbox="allow-scripts" security="restricted" src="https://volare.volotea.com/fr/villes/naples/fete-san-gennaro-naples/embed/#?secret=cQ4SEudWpL" width="600" height="338" title="« La Fête de San Gennaro à Naples : un patrimoine culturel  incontournable » &#8212; VOLARE MAGAZINE | VOLOTEA" data-secret="cQ4SEudWpL" frameborder="0" marginwidth="0" marginheight="0" scrolling="no" class="wp-embedded-content"></iframe><script>
/*! This file is auto-generated */
!function(d,l){"use strict";l.querySelector&&d.addEventListener&&"undefined"!=typeof URL&&(d.wp=d.wp||{},d.wp.receiveEmbedMessage||(d.wp.receiveEmbedMessage=function(e){var t=e.data;if((t||t.secret||t.message||t.value)&&!/[^a-zA-Z0-9]/.test(t.secret)){for(var s,r,n,a=l.querySelectorAll('iframe[data-secret="'+t.secret+'"]'),o=l.querySelectorAll('blockquote[data-secret="'+t.secret+'"]'),c=new RegExp("^https?:$","i"),i=0;i<o.length;i++)o[i].style.display="none";for(i=0;i<a.length;i++)s=a[i],e.source===s.contentWindow&&(s.removeAttribute("style"),"height"===t.message?(1e3<(r=parseInt(t.value,10))?r=1e3:~~r<200&&(r=200),s.height=r):"link"===t.message&&(r=new URL(s.getAttribute("src")),n=new URL(t.value),c.test(n.protocol))&&n.host===r.host&&l.activeElement===s&&(d.top.location.href=t.value))}},d.addEventListener("message",d.wp.receiveEmbedMessage,!1),l.addEventListener("DOMContentLoaded",function(){for(var e,t,s=l.querySelectorAll("iframe.wp-embedded-content"),r=0;r<s.length;r++)(t=(e=s[r]).getAttribute("data-secret"))||(t=Math.random().toString(36).substring(2,12),e.src+="#?secret="+t,e.setAttribute("data-secret",t)),e.contentWindow.postMessage({message:"ready",secret:t},"*")},!1)))}(window,document);
//# sourceURL=https://volare.volotea.com/wp-includes/js/wp-embed.min.js
</script>

Si vous prévoyez un séjour à Naples au mois de septembre, je vous recommande de ne pas manquer la fête de San Gennaro, la célébration dédiée au saint patron de la ville, qui a lieu chaque année le 19 septembre et qui implique tout le centre historique.
