{"id":780,"date":"2017-01-24T20:31:32","date_gmt":"2017-01-24T19:31:32","guid":{"rendered":"https:\/\/volare.volotea.com\/ciudades\/mallorca\/"},"modified":"2021-06-08T16:05:54","modified_gmt":"2021-06-08T14:05:54","slug":"mallorca","status":"publish","type":"ciudades","link":"https:\/\/volare.volotea.com\/es\/ciudades\/mallorca\/","title":{"rendered":"Mallorca"},"content":{"rendered":"<p>En los \u00faltimos a\u00f1os, <a target=\"_new\" href=\"http:\/\/es.wikipedia.org\/wiki\/Mallorca\" rel=\"noopener\"><strong>Mallorca<\/strong><\/a> se ha quitado de encima esa imagen de destino barato, de fiesta y ligoteo. Los que quieran abandonar los resorts costeros m\u00e1s tur\u00edsticos van a descubrir una isla <strong>id\u00edlica<\/strong> y todav\u00eda virgen, dotada con un perfecto <strong>clima mediterr\u00e1neo<\/strong>. La capital, <strong>Palma<\/strong>, se encuentra entre las ciudades europeas que m\u00e1s se estilan en este verano; una Barcelona de bolsillo en las Baleares, con caf\u00e9s animados, boutiques de dise\u00f1o y una escena cultural emergente. Por lo contrario, el tiempo parece haberse detenido en el interior rural de la isla, con sus pueblecitos de color de miel, sus gentes amables y la asombrosa amplitud de paisaje. Desde las <a target=\"_new\" href=\"http:\/\/en.wikipedia.org\/wiki\/Serra_de_Tramuntana\" rel=\"noopener\">monta\u00f1as escarpadas<\/a> y los campos de naranjos, hasta las calas desiertas, los fotog\u00e9nicos puertos de pescadores y los pantanosos humedales famosos por sus aves ex\u00f3ticas; no es de extra\u00f1ar que <strong>Mallorca<\/strong> sea el <strong>destino de vacaciones m\u00e1s popular del Mediterr\u00e1neo<\/strong>.<\/p>\n","protected":false},"excerpt":{"rendered":"<p>En los \u00faltimos a\u00f1os, Mallorca se ha quitado de encima esa imagen de destino barato, de fiesta y ligoteo. Los que quieran abandonar los resorts costeros m\u00e1s tur\u00edsticos van a descubrir una isla id\u00edlica y todav\u00eda virgen, dotada con un perfecto clima mediterr\u00e1neo. La capital, Palma, se encuentra entre las ciudades europeas que m\u00e1s se [&hellip;]<\/p>\n","protected":false},"author":23,"featured_media":2849,"template":"","destination":[2842],"tipo-destino":[2558],"paises":[2551],"class_list":["post-780","ciudades","type-ciudades","status-publish","has-post-thumbnail","hentry","destination-mallorca","tipo-destino-playas","paises-espana"],"acf":[],"yoast_head":"<!-- This site is optimized with the Yoast SEO plugin v28.4 - https:\/\/yoast.com\/product\/yoast-seo-wordpress\/ -->\n<title>Mallorca - VOLARE MAGAZINE | VOLOTEA<\/title>\n<meta name=\"description\" content=\"Mallorca, una isla id\u00edlica y todav\u00eda virgen, dotada con un perfecto clima mediterr\u00e1neo\" \/>\n<meta name=\"robots\" content=\"index, follow, max-snippet:-1, max-image-preview:large, max-video-preview:-1\" \/>\n<link rel=\"canonical\" href=\"https:\/\/volare.volotea.com\/es\/ciudades\/mallorca\/\" \/>\n<meta property=\"og:locale\" content=\"es_ES\" \/>\n<meta property=\"og:type\" content=\"article\" \/>\n<meta property=\"og:title\" content=\"VOLOTEA - Mallorca\" \/>\n<meta property=\"og:description\" content=\"Mallorca, una isla id\u00edlica y todav\u00eda virgen, dotada con un perfecto clima mediterr\u00e1neo\" \/>\n<meta property=\"og:url\" content=\"https:\/\/volare.volotea.com\/es\/ciudades\/mallorca\/\" \/>\n<meta property=\"og:site_name\" content=\"VOLARE MAGAZINE | VOLOTEA\" \/>\n<meta property=\"article:publisher\" content=\"https:\/\/www.facebook.com\/Volotea\/\" \/>\n<meta property=\"article:modified_time\" content=\"2021-06-08T14:05:54+00:00\" \/>\n<meta property=\"og:image\" content=\"http:\/\/blog.volotea.com\/wp-content\/uploads\/2016\/04\/mallorca_218x119.jpg\" \/>\n<meta name=\"twitter:card\" content=\"summary_large_image\" \/>\n<meta name=\"twitter:site\" content=\"@volotea\" \/>\n<meta name=\"twitter:label1\" content=\"Tiempo de lectura\" \/>\n\t<meta name=\"twitter:data1\" content=\"1 minuto\" \/>\n<script type=\"application\/ld+json\" class=\"yoast-schema-graph\">{\"@context\":\"https:\\\/\\\/schema.org\",\"@graph\":[{\"@type\":\"WebPage\",\"@id\":\"https:\\\/\\\/volare.volotea.com\\\/es\\\/ciudades\\\/mallorca\\\/\",\"url\":\"https:\\\/\\\/volare.volotea.com\\\/es\\\/ciudades\\\/mallorca\\\/\",\"name\":\"Mallorca - VOLARE MAGAZINE | VOLOTEA\",\"isPartOf\":{\"@id\":\"https:\\\/\\\/volare.volotea.com\\\/fr\\\/#website\"},\"primaryImageOfPage\":{\"@id\":\"https:\\\/\\\/volare.volotea.com\\\/es\\\/ciudades\\\/mallorca\\\/#primaryimage\"},\"image\":{\"@id\":\"https:\\\/\\\/volare.volotea.com\\\/es\\\/ciudades\\\/mallorca\\\/#primaryimage\"},\"thumbnailUrl\":\"https:\\\/\\\/i0.wp.com\\\/volare.volotea.com\\\/wp-content\\\/uploads\\\/2017\\\/01\\\/02_Mallorca.jpg?fit=1380%2C500&ssl=1\",\"datePublished\":\"2017-01-24T19:31:32+00:00\",\"dateModified\":\"2021-06-08T14:05:54+00:00\",\"description\":\"Mallorca, una isla id\u00edlica y todav\u00eda virgen, dotada con un perfecto clima mediterr\u00e1neo\",\"breadcrumb\":{\"@id\":\"https:\\\/\\\/volare.volotea.com\\\/es\\\/ciudades\\\/mallorca\\\/#breadcrumb\"},\"inLanguage\":\"es\",\"potentialAction\":[{\"@type\":\"ReadAction\",\"target\":[\"https:\\\/\\\/volare.volotea.com\\\/es\\\/ciudades\\\/mallorca\\\/\"]}]},{\"@type\":\"ImageObject\",\"inLanguage\":\"es\",\"@id\":\"https:\\\/\\\/volare.volotea.com\\\/es\\\/ciudades\\\/mallorca\\\/#primaryimage\",\"url\":\"https:\\\/\\\/i0.wp.com\\\/volare.volotea.com\\\/wp-content\\\/uploads\\\/2017\\\/01\\\/02_Mallorca.jpg?fit=1380%2C500&ssl=1\",\"contentUrl\":\"https:\\\/\\\/i0.wp.com\\\/volare.volotea.com\\\/wp-content\\\/uploads\\\/2017\\\/01\\\/02_Mallorca.jpg?fit=1380%2C500&ssl=1\",\"width\":1380,\"height\":500},{\"@type\":\"BreadcrumbList\",\"@id\":\"https:\\\/\\\/volare.volotea.com\\\/es\\\/ciudades\\\/mallorca\\\/#breadcrumb\",\"itemListElement\":[{\"@type\":\"ListItem\",\"position\":1,\"name\":\"Portada\",\"item\":\"https:\\\/\\\/volare.volotea.com\\\/es\\\/\"},{\"@type\":\"ListItem\",\"position\":2,\"name\":\"Ciudades\",\"item\":\"https:\\\/\\\/volare.volotea.com\\\/fr\\\/villes\\\/\"},{\"@type\":\"ListItem\",\"position\":3,\"name\":\"Mallorca\"}]},{\"@type\":\"WebSite\",\"@id\":\"https:\\\/\\\/volare.volotea.com\\\/fr\\\/#website\",\"url\":\"https:\\\/\\\/volare.volotea.com\\\/fr\\\/\",\"name\":\"VOLARE MAGAZINE | VOLOTEA\",\"description\":\"Travel Blog\",\"publisher\":{\"@id\":\"https:\\\/\\\/volare.volotea.com\\\/fr\\\/#organization\"},\"potentialAction\":[{\"@type\":\"SearchAction\",\"target\":{\"@type\":\"EntryPoint\",\"urlTemplate\":\"https:\\\/\\\/volare.volotea.com\\\/fr\\\/?s={search_term_string}\"},\"query-input\":{\"@type\":\"PropertyValueSpecification\",\"valueRequired\":true,\"valueName\":\"search_term_string\"}}],\"inLanguage\":\"es\"},{\"@type\":\"Organization\",\"@id\":\"https:\\\/\\\/volare.volotea.com\\\/fr\\\/#organization\",\"name\":\"VOLARE MAGAZINE | VOLOTEA\",\"url\":\"https:\\\/\\\/volare.volotea.com\\\/fr\\\/\",\"logo\":{\"@type\":\"ImageObject\",\"inLanguage\":\"es\",\"@id\":\"https:\\\/\\\/volare.volotea.com\\\/fr\\\/#\\\/schema\\\/logo\\\/image\\\/\",\"url\":\"https:\\\/\\\/volare.volotea.com\\\/wp-content\\\/uploads\\\/2026\\\/04\\\/volotea.png\",\"contentUrl\":\"https:\\\/\\\/volare.volotea.com\\\/wp-content\\\/uploads\\\/2026\\\/04\\\/volotea.png\",\"width\":960,\"height\":318,\"caption\":\"VOLARE MAGAZINE | VOLOTEA\"},\"image\":{\"@id\":\"https:\\\/\\\/volare.volotea.com\\\/fr\\\/#\\\/schema\\\/logo\\\/image\\\/\"},\"sameAs\":[\"https:\\\/\\\/www.facebook.com\\\/Volotea\\\/\",\"https:\\\/\\\/x.com\\\/volotea\",\"https:\\\/\\\/es.pinterest.com\\\/volotea\\\/\"]}]}<\/script>\n<!-- \/ Yoast SEO plugin. -->","yoast_head_json":{"title":"Mallorca - VOLARE MAGAZINE | VOLOTEA","description":"Mallorca, una isla id\u00edlica y todav\u00eda virgen, dotada con un perfecto clima mediterr\u00e1neo","robots":{"index":"index","follow":"follow","max-snippet":"max-snippet:-1","max-image-preview":"max-image-preview:large","max-video-preview":"max-video-preview:-1"},"canonical":"https:\/\/volare.volotea.com\/es\/ciudades\/mallorca\/","og_locale":"es_ES","og_type":"article","og_title":"VOLOTEA - Mallorca","og_description":"Mallorca, una isla id\u00edlica y todav\u00eda virgen, dotada con un perfecto clima mediterr\u00e1neo","og_url":"https:\/\/volare.volotea.com\/es\/ciudades\/mallorca\/","og_site_name":"VOLARE MAGAZINE | VOLOTEA","article_publisher":"https:\/\/www.facebook.com\/Volotea\/","article_modified_time":"2021-06-08T14:05:54+00:00","og_image":[{"url":"http:\/\/blog.volotea.com\/wp-content\/uploads\/2016\/04\/mallorca_218x119.jpg","type":"","width":"","height":""}],"twitter_card":"summary_large_image","twitter_site":"@volotea","twitter_misc":{"Tiempo de lectura":"1 minuto"},"schema":{"@context":"https:\/\/schema.org","@graph":[{"@type":"WebPage","@id":"https:\/\/volare.volotea.com\/es\/ciudades\/mallorca\/","url":"https:\/\/volare.volotea.com\/es\/ciudades\/mallorca\/","name":"Mallorca - VOLARE MAGAZINE | VOLOTEA","isPartOf":{"@id":"https:\/\/volare.volotea.com\/fr\/#website"},"primaryImageOfPage":{"@id":"https:\/\/volare.volotea.com\/es\/ciudades\/mallorca\/#primaryimage"},"image":{"@id":"https:\/\/volare.volotea.com\/es\/ciudades\/mallorca\/#primaryimage"},"thumbnailUrl":"https:\/\/i0.wp.com\/volare.volotea.com\/wp-content\/uploads\/2017\/01\/02_Mallorca.jpg?fit=1380%2C500&ssl=1","datePublished":"2017-01-24T19:31:32+00:00","dateModified":"2021-06-08T14:05:54+00:00","description":"Mallorca, una isla id\u00edlica y todav\u00eda virgen, dotada con un perfecto clima mediterr\u00e1neo","breadcrumb":{"@id":"https:\/\/volare.volotea.com\/es\/ciudades\/mallorca\/#breadcrumb"},"inLanguage":"es","potentialAction":[{"@type":"ReadAction","target":["https:\/\/volare.volotea.com\/es\/ciudades\/mallorca\/"]}]},{"@type":"ImageObject","inLanguage":"es","@id":"https:\/\/volare.volotea.com\/es\/ciudades\/mallorca\/#primaryimage","url":"https:\/\/i0.wp.com\/volare.volotea.com\/wp-content\/uploads\/2017\/01\/02_Mallorca.jpg?fit=1380%2C500&ssl=1","contentUrl":"https:\/\/i0.wp.com\/volare.volotea.com\/wp-content\/uploads\/2017\/01\/02_Mallorca.jpg?fit=1380%2C500&ssl=1","width":1380,"height":500},{"@type":"BreadcrumbList","@id":"https:\/\/volare.volotea.com\/es\/ciudades\/mallorca\/#breadcrumb","itemListElement":[{"@type":"ListItem","position":1,"name":"Portada","item":"https:\/\/volare.volotea.com\/es\/"},{"@type":"ListItem","position":2,"name":"Ciudades","item":"https:\/\/volare.volotea.com\/fr\/villes\/"},{"@type":"ListItem","position":3,"name":"Mallorca"}]},{"@type":"WebSite","@id":"https:\/\/volare.volotea.com\/fr\/#website","url":"https:\/\/volare.volotea.com\/fr\/","name":"VOLARE MAGAZINE | VOLOTEA","description":"Travel Blog","publisher":{"@id":"https:\/\/volare.volotea.com\/fr\/#organization"},"potentialAction":[{"@type":"SearchAction","target":{"@type":"EntryPoint","urlTemplate":"https:\/\/volare.volotea.com\/fr\/?s={search_term_string}"},"query-input":{"@type":"PropertyValueSpecification","valueRequired":true,"valueName":"search_term_string"}}],"inLanguage":"es"},{"@type":"Organization","@id":"https:\/\/volare.volotea.com\/fr\/#organization","name":"VOLARE MAGAZINE | VOLOTEA","url":"https:\/\/volare.volotea.com\/fr\/","logo":{"@type":"ImageObject","inLanguage":"es","@id":"https:\/\/volare.volotea.com\/fr\/#\/schema\/logo\/image\/","url":"https:\/\/volare.volotea.com\/wp-content\/uploads\/2026\/04\/volotea.png","contentUrl":"https:\/\/volare.volotea.com\/wp-content\/uploads\/2026\/04\/volotea.png","width":960,"height":318,"caption":"VOLARE MAGAZINE | VOLOTEA"},"image":{"@id":"https:\/\/volare.volotea.com\/fr\/#\/schema\/logo\/image\/"},"sameAs":["https:\/\/www.facebook.com\/Volotea\/","https:\/\/x.com\/volotea","https:\/\/es.pinterest.com\/volotea\/"]}]}},"jetpack_sharing_enabled":true,"_links":{"self":[{"href":"https:\/\/volare.volotea.com\/es\/wp-json\/wp\/v2\/ciudades\/780","targetHints":{"allow":["GET"]}}],"collection":[{"href":"https:\/\/volare.volotea.com\/es\/wp-json\/wp\/v2\/ciudades"}],"about":[{"href":"https:\/\/volare.volotea.com\/es\/wp-json\/wp\/v2\/types\/ciudades"}],"author":[{"embeddable":true,"href":"https:\/\/volare.volotea.com\/es\/wp-json\/wp\/v2\/users\/23"}],"wp:featuredmedia":[{"embeddable":true,"href":"https:\/\/volare.volotea.com\/es\/wp-json\/wp\/v2\/media\/2849"}],"wp:attachment":[{"href":"https:\/\/volare.volotea.com\/es\/wp-json\/wp\/v2\/media?parent=780"}],"wp:term":[{"taxonomy":"destination","embeddable":true,"href":"https:\/\/volare.volotea.com\/es\/wp-json\/wp\/v2\/destination?post=780"},{"taxonomy":"tipo-destino","embeddable":true,"href":"https:\/\/volare.volotea.com\/es\/wp-json\/wp\/v2\/tipo-destino?post=780"},{"taxonomy":"paises","embeddable":true,"href":"https:\/\/volare.volotea.com\/es\/wp-json\/wp\/v2\/paises?post=780"}],"curies":[{"name":"wp","href":"https:\/\/api.w.org\/{rel}","templated":true}]}}

<p>En los últimos años, <a target="_new" href="http://es.wikipedia.org/wiki/Mallorca" rel="noopener"><strong>Mallorca</strong></a> se ha quitado de encima esa imagen de destino barato, de fiesta y ligoteo. Los que quieran abandonar los resorts costeros más turísticos van a descubrir una isla <strong>idílica</strong> y todavía virgen, dotada con un perfecto <strong>clima mediterráneo</strong>. La capital, <strong>Palma</strong>, se encuentra entre las ciudades europeas que más se estilan en este verano; una Barcelona de bolsillo en las Baleares, con cafés animados, boutiques de diseño y una escena cultural emergente. Por lo contrario, el tiempo parece haberse detenido en el interior rural de la isla, con sus pueblecitos de color de miel, sus gentes amables y la asombrosa amplitud de paisaje. Desde las <a target="_new" href="http://en.wikipedia.org/wiki/Serra_de_Tramuntana" rel="noopener">montañas escarpadas</a> y los campos de naranjos, hasta las calas desiertas, los fotogénicos puertos de pescadores y los pantanosos humedales famosos por sus aves exóticas; no es de extrañar que <strong>Mallorca</strong> sea el <strong>destino de vacaciones más popular del Mediterráneo</strong>.</p>

<p>En los últimos años, Mallorca se ha quitado de encima esa imagen de destino barato, de fiesta y ligoteo. Los que quieran abandonar los resorts costeros más turísticos van a descubrir una isla idílica y todavía virgen, dotada con un perfecto clima mediterráneo. La capital, Palma, se encuentra entre las ciudades europeas que más se [&hellip;]</p>

<!-- This site is optimized with the Yoast SEO plugin v28.4 - https://yoast.com/product/yoast-seo-wordpress/ -->
<title>Mallorca - VOLARE MAGAZINE | VOLOTEA</title>
<meta name="description" content="Mallorca, una isla idílica y todavía virgen, dotada con un perfecto clima mediterráneo" />
<meta name="robots" content="index, follow, max-snippet:-1, max-image-preview:large, max-video-preview:-1" />
<link rel="canonical" href="https://volare.volotea.com/es/ciudades/mallorca/" />
<meta property="og:locale" content="es_ES" />
<meta property="og:type" content="article" />
<meta property="og:title" content="VOLOTEA - Mallorca" />
<meta property="og:description" content="Mallorca, una isla idílica y todavía virgen, dotada con un perfecto clima mediterráneo" />
<meta property="og:url" content="https://volare.volotea.com/es/ciudades/mallorca/" />
<meta property="og:site_name" content="VOLARE MAGAZINE | VOLOTEA" />
<meta property="article:publisher" content="https://www.facebook.com/Volotea/" />
<meta property="article:modified_time" content="2021-06-08T14:05:54+00:00" />
<meta property="og:image" content="http://blog.volotea.com/wp-content/uploads/2016/04/mallorca_218x119.jpg" />
<meta name="twitter:card" content="summary_large_image" />
<meta name="twitter:site" content="@volotea" />
<meta name="twitter:label1" content="Tiempo de lectura" />
	<meta name="twitter:data1" content="1 minuto" />
<script type="application/ld+json" class="yoast-schema-graph">{"@context":"https:\/\/schema.org","@graph":[{"@type":"WebPage","@id":"https:\/\/volare.volotea.com\/es\/ciudades\/mallorca\/","url":"https:\/\/volare.volotea.com\/es\/ciudades\/mallorca\/","name":"Mallorca - VOLARE MAGAZINE | VOLOTEA","isPartOf":{"@id":"https:\/\/volare.volotea.com\/fr\/#website"},"primaryImageOfPage":{"@id":"https:\/\/volare.volotea.com\/es\/ciudades\/mallorca\/#primaryimage"},"image":{"@id":"https:\/\/volare.volotea.com\/es\/ciudades\/mallorca\/#primaryimage"},"thumbnailUrl":"https:\/\/i0.wp.com\/volare.volotea.com\/wp-content\/uploads\/2017\/01\/02_Mallorca.jpg?fit=1380%2C500&ssl=1","datePublished":"2017-01-24T19:31:32+00:00","dateModified":"2021-06-08T14:05:54+00:00","description":"Mallorca, una isla idílica y todavía virgen, dotada con un perfecto clima mediterráneo","breadcrumb":{"@id":"https:\/\/volare.volotea.com\/es\/ciudades\/mallorca\/#breadcrumb"},"inLanguage":"es","potentialAction":[{"@type":"ReadAction","target":["https:\/\/volare.volotea.com\/es\/ciudades\/mallorca\/"]}]},{"@type":"ImageObject","inLanguage":"es","@id":"https:\/\/volare.volotea.com\/es\/ciudades\/mallorca\/#primaryimage","url":"https:\/\/i0.wp.com\/volare.volotea.com\/wp-content\/uploads\/2017\/01\/02_Mallorca.jpg?fit=1380%2C500&ssl=1","contentUrl":"https:\/\/i0.wp.com\/volare.volotea.com\/wp-content\/uploads\/2017\/01\/02_Mallorca.jpg?fit=1380%2C500&ssl=1","width":1380,"height":500},{"@type":"BreadcrumbList","@id":"https:\/\/volare.volotea.com\/es\/ciudades\/mallorca\/#breadcrumb","itemListElement":[{"@type":"ListItem","position":1,"name":"Portada","item":"https:\/\/volare.volotea.com\/es\/"},{"@type":"ListItem","position":2,"name":"Ciudades","item":"https:\/\/volare.volotea.com\/fr\/villes\/"},{"@type":"ListItem","position":3,"name":"Mallorca"}]},{"@type":"WebSite","@id":"https:\/\/volare.volotea.com\/fr\/#website","url":"https:\/\/volare.volotea.com\/fr\/","name":"VOLARE MAGAZINE | VOLOTEA","description":"Travel Blog","publisher":{"@id":"https:\/\/volare.volotea.com\/fr\/#organization"},"potentialAction":[{"@type":"SearchAction","target":{"@type":"EntryPoint","urlTemplate":"https:\/\/volare.volotea.com\/fr\/?s={search_term_string}"},"query-input":{"@type":"PropertyValueSpecification","valueRequired":true,"valueName":"search_term_string"}}],"inLanguage":"es"},{"@type":"Organization","@id":"https:\/\/volare.volotea.com\/fr\/#organization","name":"VOLARE MAGAZINE | VOLOTEA","url":"https:\/\/volare.volotea.com\/fr\/","logo":{"@type":"ImageObject","inLanguage":"es","@id":"https:\/\/volare.volotea.com\/fr\/#\/schema\/logo\/image\/","url":"https:\/\/volare.volotea.com\/wp-content\/uploads\/2026\/04\/volotea.png","contentUrl":"https:\/\/volare.volotea.com\/wp-content\/uploads\/2026\/04\/volotea.png","width":960,"height":318,"caption":"VOLARE MAGAZINE | VOLOTEA"},"image":{"@id":"https:\/\/volare.volotea.com\/fr\/#\/schema\/logo\/image\/"},"sameAs":["https:\/\/www.facebook.com\/Volotea\/","https:\/\/x.com\/volotea","https:\/\/es.pinterest.com\/volotea\/"]}]}</script>
<!-- / Yoast SEO plugin. -->

Mallorca, una isla idílica y todavía virgen, dotada con un perfecto clima mediterráneo
