{"version":"1.0","provider_name":"VOLARE MAGAZINE | VOLOTEA","provider_url":"https:\/\/volare.volotea.com\/es\/","author_name":"Anna Pernice","author_url":"https:\/\/volare.volotea.com\/es\/author\/anna-pernice\/","title":"La fiesta de San Gennaro en N\u00e1poles: un patrimonio cultural \u00fanico - VOLARE MAGAZINE | VOLOTEA","type":"rich","width":600,"height":338,"html":"<blockquote class=\"wp-embedded-content\" data-secret=\"D4WJwyIDGZ\"><a href=\"https:\/\/volare.volotea.com\/es\/ciudades\/napoles\/fiesta-san-gennaro-napoles\/\">La fiesta de San Gennaro en N\u00e1poles: un patrimonio cultural \u00fanico<\/a><\/blockquote><iframe sandbox=\"allow-scripts\" security=\"restricted\" src=\"https:\/\/volare.volotea.com\/es\/ciudades\/napoles\/fiesta-san-gennaro-napoles\/embed\/#?secret=D4WJwyIDGZ\" width=\"600\" height=\"338\" title=\"\u00abLa fiesta de San Gennaro en N\u00e1poles: un patrimonio cultural \u00fanico\u00bb \u2014 VOLARE MAGAZINE | VOLOTEA\" data-secret=\"D4WJwyIDGZ\" frameborder=\"0\" marginwidth=\"0\" marginheight=\"0\" scrolling=\"no\" class=\"wp-embedded-content\"><\/iframe><script>\n\/*! This file is auto-generated *\/\n!function(d,l){\"use strict\";l.querySelector&&d.addEventListener&&\"undefined\"!=typeof URL&&(d.wp=d.wp||{},d.wp.receiveEmbedMessage||(d.wp.receiveEmbedMessage=function(e){var t=e.data;if((t||t.secret||t.message||t.value)&&!\/[^a-zA-Z0-9]\/.test(t.secret)){for(var s,r,n,a=l.querySelectorAll('iframe[data-secret=\"'+t.secret+'\"]'),o=l.querySelectorAll('blockquote[data-secret=\"'+t.secret+'\"]'),c=new RegExp(\"^https?:$\",\"i\"),i=0;i<o.length;i++)o[i].style.display=\"none\";for(i=0;i<a.length;i++)s=a[i],e.source===s.contentWindow&&(s.removeAttribute(\"style\"),\"height\"===t.message?(1e3<(r=parseInt(t.value,10))?r=1e3:~~r<200&&(r=200),s.height=r):\"link\"===t.message&&(r=new URL(s.getAttribute(\"src\")),n=new URL(t.value),c.test(n.protocol))&&n.host===r.host&&l.activeElement===s&&(d.top.location.href=t.value))}},d.addEventListener(\"message\",d.wp.receiveEmbedMessage,!1),l.addEventListener(\"DOMContentLoaded\",function(){for(var e,t,s=l.querySelectorAll(\"iframe.wp-embedded-content\"),r=0;r<s.length;r++)(t=(e=s[r]).getAttribute(\"data-secret\"))||(t=Math.random().toString(36).substring(2,12),e.src+=\"#?secret=\"+t,e.setAttribute(\"data-secret\",t)),e.contentWindow.postMessage({message:\"ready\",secret:t},\"*\")},!1)))}(window,document);\n\/\/# sourceURL=https:\/\/volare.volotea.com\/wp-includes\/js\/wp-embed.min.js\n<\/script>\n","thumbnail_url":"https:\/\/volare.volotea.com\/wp-content\/uploads\/2023\/08\/Festa-San-Gennaro-4-1.jpeg","thumbnail_width":1600,"thumbnail_height":1200,"description":"Si tienes programadas unas vacaciones en N\u00e1poles en el mes de septiembre, te recomendamos que no te pierdas la fiesta de San Genaro, la celebraci\u00f3n dedicada al patr\u00f3n de la ciudad, que tiene lugar todos los a\u00f1os el 19 de septiembre y que se celebra en todo el centro hist\u00f3rico."}

La fiesta de San Gennaro en Nápoles: un patrimonio cultural único - VOLARE MAGAZINE | VOLOTEA

<blockquote class="wp-embedded-content" data-secret="D4WJwyIDGZ"><a href="https://volare.volotea.com/es/ciudades/napoles/fiesta-san-gennaro-napoles/">La fiesta de San Gennaro en Nápoles: un patrimonio cultural único</a></blockquote><iframe sandbox="allow-scripts" security="restricted" src="https://volare.volotea.com/es/ciudades/napoles/fiesta-san-gennaro-napoles/embed/#?secret=D4WJwyIDGZ" width="600" height="338" title="«La fiesta de San Gennaro en Nápoles: un patrimonio cultural único» — VOLARE MAGAZINE | VOLOTEA" data-secret="D4WJwyIDGZ" frameborder="0" marginwidth="0" marginheight="0" scrolling="no" class="wp-embedded-content"></iframe><script>
/*! This file is auto-generated */
!function(d,l){"use strict";l.querySelector&&d.addEventListener&&"undefined"!=typeof URL&&(d.wp=d.wp||{},d.wp.receiveEmbedMessage||(d.wp.receiveEmbedMessage=function(e){var t=e.data;if((t||t.secret||t.message||t.value)&&!/[^a-zA-Z0-9]/.test(t.secret)){for(var s,r,n,a=l.querySelectorAll('iframe[data-secret="'+t.secret+'"]'),o=l.querySelectorAll('blockquote[data-secret="'+t.secret+'"]'),c=new RegExp("^https?:$","i"),i=0;i<o.length;i++)o[i].style.display="none";for(i=0;i<a.length;i++)s=a[i],e.source===s.contentWindow&&(s.removeAttribute("style"),"height"===t.message?(1e3<(r=parseInt(t.value,10))?r=1e3:~~r<200&&(r=200),s.height=r):"link"===t.message&&(r=new URL(s.getAttribute("src")),n=new URL(t.value),c.test(n.protocol))&&n.host===r.host&&l.activeElement===s&&(d.top.location.href=t.value))}},d.addEventListener("message",d.wp.receiveEmbedMessage,!1),l.addEventListener("DOMContentLoaded",function(){for(var e,t,s=l.querySelectorAll("iframe.wp-embedded-content"),r=0;r<s.length;r++)(t=(e=s[r]).getAttribute("data-secret"))||(t=Math.random().toString(36).substring(2,12),e.src+="#?secret="+t,e.setAttribute("data-secret",t)),e.contentWindow.postMessage({message:"ready",secret:t},"*")},!1)))}(window,document);
//# sourceURL=https://volare.volotea.com/wp-includes/js/wp-embed.min.js
</script>

Si tienes programadas unas vacaciones en Nápoles en el mes de septiembre, te recomendamos que no te pierdas la fiesta de San Genaro, la celebración dedicada al patrón de la ciudad, que tiene lugar todos los años el 19 de septiembre y que se celebra en todo el centro histórico.
